atest common divisor of 6 and z?
6
Let s be ((-20)/(-5) - 3) + 8. Suppose -s*m - 10*m + 323 = 0. Calculate the greatest common factor of m and 136.
17
Let x = -545 - -560. Suppose -t + c + 8 = -5, x = t + c. Let v = 5 - -2. Calculate the highest common factor of v and t.
7
Suppose -42 = -3*y - 3*u + u, 0 = 5*y + 2*u - 66. Let g = -937 - -946. What is the highest common divisor of y and g?
3
Let y(d) = -2*d - 1. Let h be y(-2). Suppose -15 = -2*t - 2*g + 13, t - 18 = -2*g. Let x be (-192)/(-40)*t/h. Calculate the highest common factor of 24 and x.
8
Let p = 395 - 374. Suppose p = 3*b - m + 5, -12 = -2*b + m. Let z(x) = -2*x - 2. Let t be z(-3). What is the highest common divisor of b and t?
4
Let t be -61 + 168 - 19/1. Let n(p) = 77*p**2 + p - 2. Let u be n(2). What is the highest common divisor of t and u?
44
Suppose -37*y = 298*y - 5049 + 1029. Calculate the highest common factor of 882 and y.
6
Let d(j) = -9*j + 15. Let m be d(-5). Suppose -4*s + 72 = -10*s. Let l = m + s. Calculate the highest common divisor of 24 and l.
24
Let t = 242 - 302. Let c be 26*(-5)/t*6. What is the greatest common factor of c and 351?
13
Let w = -144 + 146. Suppose 0 = w*d + 4, 2*n - 4*d - 152 = 0. Suppose 5*c = -3*y + n, -55 = -3*c - c - 5*y. Calculate the highest common divisor of 165 and c.
15
Suppose -6786 = -1574*q + 1545*q. Calculate the highest common factor of 2496 and q.
78
Suppose -144*y = -69*y - 750. Let x be 2/2 - (-2 - 67). What is the greatest common divisor of y and x?
10
Let o(g) = -259*g + 5658. Let r be o(-73). What is the greatest common divisor of 85 and r?
85
Let u = 1814 + -1802. Calculate the highest common divisor of 516 and u.
12
Suppose -6*x + 42 = -4*x. Let d = 44 - x. Let s = 39 - d. Calculate the greatest common divisor of 16 and s.
16
Let j(l) = -174*l + 2118. Let t be j(12). Calculate the highest common factor of t and 21990.
30
Let y be (-6)/(-4)*((-152)/95)/((-3)/520). Calculate the highest common factor of 112 and y.
16
Let f = 2675 - 2575. Let m(g) = -g + 7. Let s be m(4). Suppose -5*i = s*r - 100, 4*r = -3*i - 0*r + 60. What is the highest common divisor of f and i?
20
Let h(x) = -117*x - 786. Let z be h(-18). Calculate the greatest common factor of z and 88.
88
Let i(g) = -38*g - 278. Let h(p) = -25*p - 184. Let z(l) = 7*h(l) - 5*i(l). Let j be z(-5). What is the highest common divisor of 216 and j?
27
Suppose -13*r + 7412 = -50659. Suppose 1135 = -5*x - 3*i + r, 671 = x - 4*i. Calculate the highest common divisor of 29 and x.
29
Let j be (480/6)/(-3 + 2). Let a be 380/6 - (-5 + j/(-15)). What is the greatest common factor of 36 and a?
9
Let z(i) = 2*i**2 + 97*i + 947. Let f be z(-60). What is the highest common factor of 537 and f?
179
Let l(y) = 9*y**2 + 59*y + 560. Let b be l(-11). What is the greatest common factor of 70 and b?
10
Let i be (-322)/(-12) + 2/(-36)*-3. Let p = -13 + i. Calculate the highest common divisor of 4 and p.
2
Suppose u + u = 550. Suppose -461 = -16*m - 61. Calculate the greatest common factor of u and m.
25
Let i(p) = 34*p**3 - 4*p**2 + 20*p - 64. Let u be i(4). What is the highest common factor of u and 448?
112
Suppose 15*q - 3137 = 5503. Suppose -240 = 14*b - q. Calculate the highest common divisor of 42 and b.
6
Let m = -2459 - -2539. Let c be (-34)/8 + 1/4. Let i be c/(8/(-20) + 0). Calculate the greatest common divisor of i and m.
10
Suppose 39059*z = 39064*z - 1650. What is the greatest common factor of 21120 and z?
330
Let a be ((-12)/10)/((-14)/(321860/57)). Calculate the greatest common factor of 396 and a.
44
Suppose 4*v = 3*z + 471, 2*v + 63 = -3*z + 312. Calculate the greatest common factor of v and 36.
12
Let d = -321 - -436. Suppose m + 70 = 3*m. Suppose -t - d = -2*c, m + 15 = c - 2*t. What is the highest common factor of 12 and c?
12
Let u(o) = -2*o**2 + 17*o + 12. Let m be u(7). Let x be m/3 + (31 - 35). What is the greatest common divisor of 35 and x?
7
Let h(i) = 3*i**3 - 2*i**2 - 45*i + 185. Let k be h(4). Calculate the highest common factor of k and 47685.
165
Let l be -209 + 213 + (-141)/(-1). Suppose -2*v + 0*v + c = -119, -3*c = 3*v - 165. Calculate the greatest common factor of v and l.
29
Let d = -1 + 10. Suppose 13*q - 15*q + 62 = 4*j, -3*q - 5*j + 87 = 0. Suppose q - 199 = -d*n. Calculate the greatest common factor of n and 60.
20
Let t be ((-2)/(-4))/(((-121)/11)/418). Let s be 534/3 - (-38)/t. What is the highest common divisor of s and 32?
16
Let a = 84 - 52. Let w(x) = -2*x + 134. Let p be w(-5). What is the greatest common factor of p and a?
16
Let k be (-26 + (2 - -5) - -11) + 2666 + 2. Calculate the highest common divisor of k and 57.
19
Suppose -2*h = -h - 7. Suppose -j + 215 = s, 3*s + 4*j - 171 = 473. Let y = s - 202. What is the highest common divisor of h and y?
7
Let d = 107 - 99. Suppose -110 = -d*y + 210. Suppose -2*i + 0*i = -3*p - 60, 3*p = i - 30. Calculate the highest common divisor of i and y.
10
Suppose 2*d - 5*d = -2*i - 31, 0 = -2*d + 4*i + 18. Suppose 3510 = -2*f + d*f. Let z be -2*5/(-20)*f. Calculate the greatest common factor of 78 and z.
39
Suppose 4*n = h + 1772, 34*n - 30*n - 1764 = 3*h. Calculate the highest common divisor of n and 12.
12
Suppose 0 = f - 1 + 2, -2*f + 11 = -w. Let t = w - -31. Suppose n + 4*h = 40, -3*n - 2*h = -t - 102. What is the greatest common factor of 5 and n?
5
Suppose 0*k + 207 = 3*l + 3*k, l - 3*k - 69 = 0. Let n = l + 26. Calculate the greatest common factor of 38 and n.
19
Let w be ((-2)/(-5))/((-62)/(-775)). Let v(c) = 3*c**3 - c**2 + 3*c - 1. Let y be v(w). Calculate the greatest common divisor of 42 and y.
14
Let d = 20 - -12. Let w(z) = 6*z + 79. Let t(p) = -5*p - 79. Let v(x) = -3*t(x) - 2*w(x). Let y be v(-25). Calculate the greatest common divisor of d and y.
4
Let p(w) be the second derivative of 1/3*w**3 + 27*w + 39/2*w**2 + 0. Let o be p(-6). Calculate the greatest common factor of 81 and o.
27
Suppose 1437 + 1507 = -4*c. Let r be ((-5)/(-5) - c - -5)/2. What is the highest common factor of 106 and r?
53
Let p(a) = a**2 - a - 24. Let i be p(5). Let u be i/(-26) - 167/(-13). Calculate the greatest common factor of u and 117.
13
Let j = 19060 - 18790. Calculate the highest common divisor of 4266 and j.
54
Let n be 177/9 + 8/24. Suppose 5*m = -4*t + 24, t + 6 = -3*m + 19. Let i be m/n + 148/10. What is the highest common factor of i and 75?
15
Let l be 64/(-3)*6/(-4)*42/21. Calculate the highest common factor of 10 and l.
2
Let f be ((-87)/6 + 4)*8/(-14). Let k(w) = w**2 + 2*w + 6. Suppose 0 = -2*g - 2*g + 24. Let p be k(g). What is the greatest common divisor of f and p?
6
Let r be (2 + 1/(-2))*34. Let w be ((1782/(-55))/(-27))/(4/10). Calculate the greatest common divisor of w and r.
3
Suppose -4*s - 5*q = -95, q + 54 = 2*s + 3. Suppose s*f - 19*f - 6 = 0. Suppose 23 + 22 = 9*p. What is the highest common factor of p and f?
1
Let k be 32/(-6)*9*(-9 - -8). Calculate the highest common divisor of 1328 and k.
16
Let g be -21 + 18 - (1 + 0). Let k be 20/80 - 287/g. Let c be (9/(-3))/((-3)/k). What is the greatest common divisor of 9 and c?
9
Let h = 407 + -395. Suppose -132 = -5*t + 408. Calculate the greatest common factor of t and h.
12
Suppose -2*q - 5886 = -29*q. Suppose 0 = 2*k - u - q, -6*k + 9*k = -u + 322. Let r = 6 + 30. Calculate the greatest common factor of r and k.
36
Suppose f - 78 = -h, -5*f + 5*h = -282 - 188. Calculate the highest common factor of f and 17888.
86
Let i = -4998 + 5007. Calculate the greatest common divisor of i and 471.
3
Let c = -68 + 90. Suppose -z = -3*z + c. Let v(p) = -6*p + 4. Let w be v(-14). What is the greatest common factor of z and w?
11
Let g(h) be the third derivative of h**4/24 + 19*h**3/6 - 4*h**2 - 4. Let z be g(1). What is the greatest common divisor of z and 340?
20
Suppose -2*k = -7*z - 1468, -12*k + 737 = -11*k - 2*z. What is the highest common divisor of k and 855?
57
Suppose -3*x - 3*s - 280 = 545, 0 = -4*x + 3*s - 1100. Let j = x - -396. What is the greatest common factor of j and 22?
11
Let i = 115 + -98. Let v be 62/22 + i/((-374)/(-4)). Calculate the highest common factor of v and 6.
3
Suppose 2*v + 2426 = 5*o, -7*o = -10*o + 3*v + 1461. Let k = -268 + o. What is the greatest common factor of k and 162?
54
Let g(x) = -2*x**3 - 5*x**2 - 44*x + 